{"id":21,"date":"2020-12-23T14:46:27","date_gmt":"2020-12-23T14:46:27","guid":{"rendered":"http:\/\/spinoiblei.com\/?page_id=21"},"modified":"2021-12-01T17:43:14","modified_gmt":"2021-12-01T17:43:14","slug":"about","status":"publish","type":"page","link":"https:\/\/spinoiblei.com\/","title":{"rendered":"Chi siamo"},"content":{"rendered":"\n<p><span style=\"color:#9e7503\" class=\"has-inline-color\">L&#8217;allevamento &#8220;Loro Del Piana&#8221; \u00e8 riconosciuto da ENCI e FCI. <\/span><\/p>\n\n\n\n<p><span style=\"color:#9e7503\" class=\"has-inline-color\">Si trova a Modica, in Sicilia, ed \u00e8 l&#8217;allevamento pi\u00f9 antico e pi\u00f9 titolato per la selezione della razza italiana Spino degli Iblei. <\/span><\/p>\n\n\n\n<p><span style=\"color:#9e7503\" class=\"has-inline-color\">Il nostro capostipite fu il grande Conan, un maschio prelevato gi\u00e0 adulto da una azienda pastorizia dove era al comando di un branco molto tipico di Spini degli Iblei.<\/span><\/p>\n\n\n\n<div class=\"wp-block-image is-style-default\"><figure class=\"aligncenter size-large\"><img loading=\"lazy\" width=\"623\" height=\"534\" src=\"http:\/\/spinoiblei.com\/wp-content\/uploads\/2020\/12\/conan.jpg\" alt=\"\" class=\"wp-image-47\" srcset=\"https:\/\/spinoiblei.com\/wp-content\/uploads\/2020\/12\/conan.jpg 623w, https:\/\/spinoiblei.com\/wp-content\/uploads\/2020\/12\/conan-300x257.jpg 300w\" sizes=\"(max-width: 623px) 100vw, 623px\" \/><figcaption><span style=\"color:#bc911d\" class=\"has-inline-color\"><strong>Conan<\/strong><\/span><\/figcaption><\/figure><\/div>\n\n\n\n<p><span style=\"color:#9e7503\" class=\"has-inline-color\">Da lui discendono quasi tutti i nostri riproduttori, compreso il suo figlio diretto Loro Del Piana Veleno che ha vinto il titolo di Campione Italiano, Campione Sociale 2021, Campione Riproduttore, Campione dell&#8217;Anno nel 2019 e nel 2020, EnciWinner 2019, Migliore di Razza e Best of Group all&#8217;ENCI Winner 2019. Praticamente \u00e8 imbattuto sul ring!<\/span><\/p>\n\n\n\n<figure class=\"wp-block-image size-large is-style-default\"><img loading=\"lazy\" width=\"1000\" height=\"424\" src=\"http:\/\/spinoiblei.com\/wp-content\/uploads\/2020\/12\/Bog11.jpg\" alt=\"\" class=\"wp-image-48\" srcset=\"https:\/\/spinoiblei.com\/wp-content\/uploads\/2020\/12\/Bog11.jpg 1000w, https:\/\/spinoiblei.com\/wp-content\/uploads\/2020\/12\/Bog11-300x127.jpg 300w, https:\/\/spinoiblei.com\/wp-content\/uploads\/2020\/12\/Bog11-768x326.jpg 768w, https:\/\/spinoiblei.com\/wp-content\/uploads\/2020\/12\/Bog11-850x360.jpg 850w\" sizes=\"(max-width: 1000px) 100vw, 1000px\" \/><figcaption><span style=\"color:#bc911d\" class=\"has-inline-color\"><strong>Loro Del Piana Veleno<\/strong><\/span><\/figcaption><\/figure>\n\n\n\n<p><span style=\"color:#9e7503\" class=\"has-inline-color\">Il cucciolo Loro Del Piana viene consegnato in perfetta salute, sempre munito di pedigree e di libretto sanitario.<\/span><\/p>\n\n\n\n<p><\/p>\n\n\n\n<p><strong><span style=\"color:#765f1e\" class=\"has-inline-color\">ABOUT US<\/span><\/strong><\/p>\n\n\n\n<p><span style=\"color:#765f1e\" class=\"has-inline-color\">Our kennel is located in Modica, in Sicily. It is the most ancient and awarded kennel for the Italian breed named Spino of Iblei.<\/span><\/p>\n\n\n\n<p><span style=\"color:#765f1e\" class=\"has-inline-color\">The forefather of the kennel was the famous Conan that was taken from a sheep farm where he was the pack leader of a very typical group of Spinos of Iblei.<\/span><\/p>\n\n\n\n<p><span style=\"color:#765f1e\" class=\"has-inline-color\">Almost all of our breeding dogs draw from Conan, like his direct son Loro Del Piana Veleno who won the title of Italian Champion, Club Champion 2021, Sire Champion, Champion of the Year 2019 and 2020. Also LDP Veleno has conquered the title of EnciWinner 2019 and the Best of Breed and the Best of Group at the ENCI Winner 2019. He\u2019s practically undefeated in the ring! Always Best of Breed.<\/span><\/p>\n\n\n\n<p><span style=\"color:#765f1e\" class=\"has-inline-color\">The Loro Del Piana puppy is delivered in perfect health, always equipped with pedigree and health booklet.<\/span><\/p>\n","protected":false},"excerpt":{"rendered":"<p>L&#8217;allevamento &#8220;Loro Del Piana&#8221; \u00e8 riconosciuto da ENCI e FCI. Si trova a Modica, in Sicilia, ed \u00e8 l&#8217;allevamento pi\u00f9 antico e pi\u00f9 titolato per la selezione della razza italiana Spino degli Iblei. Il nostro capostipite fu il grande Conan, un maschio prelevato gi\u00e0 adulto da una azienda pastorizia dove era al comando di un&#8230;<\/p>\n","protected":false},"author":1,"featured_media":203,"parent":0,"menu_order":0,"comment_status":"closed","ping_status":"closed","template":"","meta":[],"_links":{"self":[{"href":"https:\/\/spinoiblei.com\/index.php\/wp-json\/wp\/v2\/pages\/21"}],"collection":[{"href":"https:\/\/spinoiblei.com\/index.php\/wp-json\/wp\/v2\/pages"}],"about":[{"href":"https:\/\/spinoiblei.com\/index.php\/wp-json\/wp\/v2\/types\/page"}],"author":[{"embeddable":true,"href":"https:\/\/spinoiblei.com\/index.php\/wp-json\/wp\/v2\/users\/1"}],"replies":[{"embeddable":true,"href":"https:\/\/spinoiblei.com\/index.php\/wp-json\/wp\/v2\/comments?post=21"}],"version-history":[{"count":15,"href":"https:\/\/spinoiblei.com\/index.php\/wp-json\/wp\/v2\/pages\/21\/revisions"}],"predecessor-version":[{"id":555,"href":"https:\/\/spinoiblei.com\/index.php\/wp-json\/wp\/v2\/pages\/21\/revisions\/555"}],"wp:featuredmedia":[{"embeddable":true,"href":"https:\/\/spinoiblei.com\/index.php\/wp-json\/wp\/v2\/media\/203"}],"wp:attachment":[{"href":"https:\/\/spinoiblei.com\/index.php\/wp-json\/wp\/v2\/media?parent=21"}],"curies":[{"name":"wp","href":"https:\/\/api.w.org\/{rel}","templated":true}]}}